pose o - 114 = -0*k + 3*k, k = -5*o + 570. What are the prime factors of o?
2, 3, 19
Let v(f) = -f**2 + 10*f + 3. Let h be v(10). Suppose k + h = 46. List the prime factors of k.
43
Suppose 0*a = -4*a + 72. Let r = 34 - a. List the prime factors of r.
2
Suppose -3*z - q = -16, 23 = 4*z + 5*q - 2*q. Suppose -z*b = -0*b + o - 118, 4*b = 2*o + 86. Suppose 10 = -j + b. List the prime factors of j.
13
Let m(x) = x**2 - 4*x + 4. Let o be m(5). Suppose -4*d + d = o. Let j(p) = -p**3 - p**2 + 4*p + 1. What are the prime factors of j(d)?
7
What are the prime factors of 1/(-2)*1*-420?
2, 3, 5, 7
Suppose -5*s - 3*t = 4 - 35, 5*t = -4*s + 30. What are the prime factors of (s*1)/(0 + 1)?
5
Let r(z) = -z**2 + 7*z + 7. Suppose -d + 10 = 2*o, o + o - 34 = 5*d. What are the prime factors of r(o)?
7
Let v be 7/2 + (-3)/(-6). Suppose v*a + 35 = 5*p, 3*a - 13 = -2*p + 24. What are the prime factors of p?
11
Let q(g) = 15*g + 8. List the prime factors of q(9).
11, 13
Let q = 13 - 15. List the prime factors of (-125)/(-3) - q/(-3).
41
Suppose 8*z - 4 = 3*z + 3*d, 2 = 4*z - 3*d. Suppose -3*b - 12 = 3*j, -z*j = 3*b + 8 + 1. List the prime factors of (0 - 9)*1*b.
3
Suppose t = 5*m - t - 170, 67 = 2*m - t. Suppose o - m = -10. What are the prime factors of o?
2, 13
Let s(y) = 8*y**3 + 2*y**2 - 1. What are the prime factors of s(2)?
71
Suppose -5*x + 0 - 4 = -f, 5 = -4*x - f. Let u be 1/((-12)/15 - x). Suppose 5*i - 4*i - u = 0. List the prime factors of i.
5
Let v = 15 - 9. Suppose -v*a = -a - 35. Let j = a - -4. What are the prime factors of j?
11
Let t(c) = -c - 2. Let v be t(-2). Suppose -3*u + u = v. Suppose -j = -u*j - 3. List the prime factors of j.
3
Let d(o) = o**2 + 2*o - 1. Let v be d(-5). What are the prime factors of v + 1 + (-1 - 0)?
2, 7
Let b(g) be the first derivative of -g**3/3 + 6*g**2 - 10*g - 1. Let o be b(10). List the prime factors of o - -5 - (-3 + 2).
2
Suppose 0 = -3*s + u + 14, 3*u - 1 = -s - 13. Suppose -2*j - 3*m = 4 - 2, 0 = -j - 5*m - 15. Suppose -4*r + j + s = 0. What are the prime factors of r?
2
Suppose 6 = -4*r - 2*r. What are the prime factors of (3 - (-4 + 0)) + r?
2, 3
Let g(j) = j**2 - 10*j + 12. Let h be g(8). Let i = h + 2. What are the prime factors of (-23)/(-5) + i/(-5)?
5
Let f(y) = y - 1. Let x(g) = 4*g - 7. Let n(l) = -5*f(l) + x(l). Let b be n(-6). Suppose 0 = b*c - 2 - 14. What are the prime factors of c?
2
Let w(t) = -18*t**3 + 2*t**2 - 1. Let v be w(-1). Suppose -2*u - o = v, -u + 4*o - 20 = o. Let z = -2 - u. List the prime factors of z.
3
Suppose -2*u + 37 + 15 = -2*b, 0 = 5*u - b - 118. What are the prime factors of u?
23
Suppose 331 = d + 3*k, -k - 3*k = -3*d + 1019. What are the prime factors of d?
337
Let h = 7 + -5. Suppose 6 = -3*x - 5*y, h*y - 18 = -5*x + 3*y. Suppose 0*w + 23 = w - x*t, 2*t + 10 = 0. List the prime factors of w.
2
Suppose 0 = -u - 0*u + 80. Let l = 8 + -3. Suppose z + u = l*z. What are the prime factors of z?
2, 5
Suppose 0 = -2*q - 5*i + 30, 2*q + 4*i - 8 - 26 = 0. What are the prime factors of q?
5
Let n = -3 + -1. Let p(h) be the second derivative of -h**4/12 - h**3 - 2*h**2 - h. List the prime factors of p(n).
2
Suppose -s + 38 = 1. List the prime factors of s.
37
Let m be (-1)/2*(2 - 4). Suppose -2*s = -m - 35. What are the prime factors of s?
2, 3
Let c(l) = -30*l + 13. What are the prime factors of c(-5)?
163
Suppose -6*q + 4 + 710 = 0. List the prime factors of q.
7, 17
Suppose 7*h - 8*h + 112 = 0. List the prime factors of h.
2, 7
List the prime factors of (-1419)/(-22) + (-3)/(-2).
2, 3, 11
Let q(f) = -9*f - 7. Let g be q(8). Let o be g/9 + 2/(-9). What are the prime factors of ((-3)/(o/84))/2?
2, 7
Let t(o) = o**3 - 3*o + 1. Let i be t(2). Let b = -14 - -35. Suppose -s - 4*h + b = 0, 5*s = 6*s - 4*h + i. List the prime factors of s.
3
Let d = 0 - -2. Suppose 2*s = -d - 0. List the prime factors of 1 - -2*s/(-2).
2
Suppose -5*v = -18*v + 4966. List the prime factors of v.
2, 191
Suppose -4*c = 2*j - 9 - 5, 28 = 5*c - j. What are the prime factors of c?
5
Let g(y) = -29*y - 11. List the prime factors of g(-8).
13, 17
Let f = -3 - -6. Suppose -2*v + 20 = f*v. Suppose -4*g + 5*t + 45 = 0, v*t + 5 = -g + 2*t. List the prime factors of g.
5
Suppose 6*f - 282 = 324. What are the prime factors of f?
101
Let p(g) be the first derivative of -g**3/3 - 15*g**2/2 - 12*g - 2. Let s be p(-8). List the prime factors of (-1 + -3)*s/(-16).
11
Suppose 275 = 5*z - 505. List the prime factors of z.
2, 3, 13
Suppose -2*r = -6, 4*f + f + 2*r = 286. What are the prime factors of f?
2, 7
Suppose 5*r + g - 502 = 0, 5*g + 150 = 2*r - 67. What are the prime factors of r?
101
Let p(c) = c + 3. Let f be p(0). What are the prime factors of 2*(f - (-21)/2)?
3
Let t(u) = -2*u**3 + 3*u**2 - 2. Let o be t(2). Let q(f) = -23*f + 8*f + 13*f. What are the prime factors of q(o)?
2, 3
Suppose -3*u = -u + c, -3*u + 2*c = -14. Suppose u*f - 40 = -2*b, -3*b + 4*f - 18 + 78 = 0. List the prime factors of b.
2, 5
Let l be (-123)/(-12) - (-1)/(-4). List the prime factors of l/(-15) + (-41)/(-3).
13
Let c = 7 + -9. Let k(j) be the second derivative of j**4/4 - j**2 + 2*j. What are the prime factors of k(c)?
2, 5
Let o(u) = -2*u - 10. Let n be o(-7). Suppose 0*d + 44 = n*d. What are the prime factors of d?
11
Suppose -a - 28 = -3*o + 3*a, -4*o - 4 = 5*a. Suppose 2*t + o + 7 = x, -34 = -5*x + 3*t. Let d = -1 + x. List the prime factors of d.
2
Suppose -2*c - 2*w + 14 = -5*w, c + 3*w + 2 = 0. Let z(n) = n**2 + 7*n + 4. Let u be z(-5). List the prime factors of (16/(-6))/(c/u).
2
What are the prime factors of (45/10)/((-2)/(-12))?
3
List the prime factors of (23 + -20)*37/3.
37
Suppose -2 = -3*i + 58. Suppose 7*g = 2*g + i. Suppose -13 + 1 = -g*x. What are the prime factors of x?
3
Let x be 2/8 + 39/4. Suppose -65 = -3*k - 8. Let w = k - x. List the prime factors of w.
3
Let v = 133 - 19. List the prime factors of v.
2, 3, 19
What are the prime factors of 15/(-1)*(-5)/3?
5
Let t(p) = -7*p**3 - p**2 + p + 1. Let l be (-3)/(-6) + (-6)/4. What are the prime factors of t(l)?
2, 3
Let r(p) = 0*p + 5 - 4 - p. Let f be r(-3). Suppose 4*l + 5*o - 30 = 0, o - f*o - 56 = -5*l. What are the prime factors of l?
2, 5
Suppose -q = 4*i - 749, 2*i - 945 = -3*i - 3*q. What are the prime factors of i?
2, 3, 31
Let s(c) = -c - 8. Let n(y) = -y - 9. Let d(h) = -6*n(h) + 5*s(h). List the prime factors of d(-10).
2
Let c = -28 - -28. Suppose l - 52 = -4*r - 4*l, -4*r + 5*l + 92 = c. List the prime factors of r.
2, 3
Let i(k) = -2*k**2 - 4*k - 2. Let h be i(-3). Let v(w) = 8*w - 3. Let l(t) = -7*t + 2. Let b(f) = 6*l(f) + 5*v(f). What are the prime factors of b(h)?
13
Suppose -2*b + 3 = -5. Let r = b - 5. What are the prime factors of (1/(-3) + r)*-9?
2, 3
Let u(a) = -5*a - 11. What are the prime factors of u(-9)?
2, 17
Suppose -3*x - 5*c - 35 = -8*x, 8 = -x + 4*c. What are the prime factors of (15/x)/(2/8)?
5
Suppose 4*x - 108 = 4*u, -4*x - 2*u - 24 = -162. List the prime factors of x.
2
Let x(b) be the third derivative of -b**5/60 + b**4/12 - b**3/2 - b**2. Let w be x(2). Let z = w + 9. List the prime factors of z.
2, 3
Suppose 94 = 2*q - 4*t, -q - 2*t = 2*t - 41. Suppose -17*u + 16*u + q = 0. List the prime factors of u.
3, 5
Let r(u) = -u**3 - 11*u**2 + 3. Let a be r(-11). Suppose a*m + 10 = -3*w - 2, 0 = 5*w - 5. Let q = m + 7. List the prime factors of q.
2
Suppose 2*g + 40 = -10. Let p = 14 - g. Suppose 14 = -5*r + p. What are the prime factors of r?
5
Let s(o) = o**3 + 6*o**2 - 2*o. What are the prime factors of s(-4)?
2, 5
Suppose -4*l + 0*l - 15 = g, 4*l = g - 9. Let h(k) = k - 1 - k + 0*k - k. List the prime factors of h(l).
2
Let r = -12 - -22. Let b be -4 + 2 - r/(-1). List the prime factors of 25/2 + (-4)/b.
2, 3
Let i be (-5)/2 - (-14)/28. Let c = -8 + 4. Let l = i - c. List the prime factors of l.
2
Let b = 188 - 56. List the prime factors of b.
2, 3, 11
Let q = -13 - -15. Suppose 71 = 2*o - 2*s + 1, 85 = q*o + 3*s. List the prime factors of o.
2, 19
Let w = -5 + 15. Suppose -2*s - 4*x = -4, -2*x + w = -s + 32. Suppose 2*f - 4*m = s, -m + 5*m = 5*f - 36. What are the prime factors of f?
2
Suppose 3*h = 3*w - 41 + 2, 0 = -w + 5*h - 7. List the prime factors of w.
2, 3
Let f(d) = 2*d + 4. Let l(v) = v + 2. Let o(i) = 4*f(i) - 9*l(i). Le